of 140 and 80136?
28
What is the greatest common factor of 57036 and 112?
28
What is the greatest common factor of 605 and 134585?
55
What is the highest common factor of 714945 and 105?
105
What is the greatest common divisor of 2520 and 2684640?
840
Calculate the greatest common divisor of 3620 and 140.
20
Calculate the greatest common divisor of 1184 and 240.
16
Calculate the highest common factor of 631019 and 1244.
311
Calculate the highest common factor of 3645 and 593325.
405
Calculate the highest common divisor of 117 and 9648.
9
Calculate the greatest common factor of 1479 and 50199.
87
What is the greatest common divisor of 4540 and 2455?
5
What is the highest common factor of 7447 and 242?
11
What is the greatest common divisor of 14060 and 665?
95
What is the highest common divisor of 62000 and 175?
25
Calculate the highest common factor of 11029 and 30586.
41
Calculate the highest common factor of 9893 and 87515.
761
What is the greatest common divisor of 243972 and 3402?
486
Calculate the highest common divisor of 39 and 18967.
13
Calculate the greatest common divisor of 247 and 768040.
13
What is the highest common factor of 66542 and 84196?
1358
What is the greatest common divisor of 122379 and 1356?
339
Calculate the greatest common divisor of 450564 and 60.
12
Calculate the greatest common factor of 209565 and 40.
5
What is the highest common divisor of 2322 and 2150?
86
Calculate the highest common divisor of 5226 and 205374.
78
Calculate the highest common factor of 23304 and 8184.
24
Calculate the highest common factor of 9317 and 1162931.
847
Calculate the greatest common factor of 182 and 2226.
14
What is the highest common factor of 89854 and 18?
2
What is the highest common divisor of 1448 and 248?
8
Calculate the greatest common factor of 1529 and 1331.
11
Calculate the highest common factor of 539 and 7203.
49
What is the greatest common factor of 27 and 2841183?
27
Calculate the greatest common divisor of 182706 and 2220.
222
What is the greatest common divisor of 99 and 546381?
99
Calculate the highest common factor of 466620 and 440.
220
Calculate the greatest common factor of 20 and 270740.
20
What is the highest common divisor of 4604 and 540?
4
What is the greatest common divisor of 13731 and 1173?
69
What is the greatest common factor of 20614 and 22?
22
What is the highest common factor of 110514 and 40750?
326
Calculate the greatest common factor of 11619452 and 509.
509
Calculate the greatest common divisor of 26620 and 5.
5
What is the highest common divisor of 36 and 728?
4
Calculate the greatest common divisor of 25 and 123425.
25
What is the highest common divisor of 608 and 46721?
19
What is the greatest common factor of 20126 and 10410?
694
Calculate the highest common divisor of 35740 and 100.
20
What is the highest common factor of 2280 and 277680?
120
What is the highest common factor of 8415 and 1227?
3
What is the highest common divisor of 5797 and 1364?
341
What is the greatest common factor of 308 and 2786?
14
What is the greatest common factor of 2985 and 93?
3
What is the greatest common factor of 667 and 12213?
23
Calculate the highest common divisor of 118080 and 5696.
64
What is the greatest common divisor of 277838 and 146?
146
What is the highest common factor of 2020626 and 324?
162
What is the greatest common factor of 30932 and 1748?
76
Calculate the highest common factor of 25 and 1027400.
25
Calculate the greatest common factor of 47704 and 22428.
356
What is the greatest common factor of 2223 and 5382?
117
Calculate the highest common divisor of 14028 and 34020.
84
Calculate the highest common factor of 163282 and 19838.
1526
Calculate the greatest common divisor of 10019 and 2150.
43
What is the greatest common factor of 20293 and 185759?
1561
Calculate the greatest common factor of 1 and 727.
1
What is the highest common divisor of 474 and 2449?
79
What is the greatest common divisor of 250466 and 122?
122
Calculate the highest common divisor of 578740 and 133.
19
Calculate the greatest common factor of 3808467 and 129.
129
Calculate the greatest common divisor of 42087 and 15.
3
Calculate the greatest common divisor of 202832 and 56.
56
What is the highest common divisor of 2352 and 768?
48
Calculate the highest common divisor of 2307246 and 37.
37
What is the greatest common factor of 26073 and 1143?
9
Calculate the highest common divisor of 672 and 64218.
42
What is the highest common factor of 61254 and 16683?
249
Calculate the highest common factor of 53360 and 345.
115
What is the greatest common divisor of 636 and 4622554?
106
Calculate the greatest common factor of 1099591 and 53.
53
Calculate the highest common factor of 444 and 16539.
111
What is the highest common divisor of 285490 and 60?
10
What is the highest common factor of 290 and 133970?
10
What is the greatest common factor of 65055 and 45?
15
What is the highest common divisor of 124043 and 489?
163
What is the highest common divisor of 1077230 and 22?
22
What is the greatest common factor of 60720 and 210680?
920
What is the highest common divisor of 833657 and 1?
1
What is the highest common divisor of 214931 and 221?
17
What is the highest common divisor of 217 and 390817?
217
What is the highest common factor of 147 and 9?
3
Calculate the greatest common factor of 39560 and 22360.
1720
What is the highest common divisor of 22 and 872982?
22
What is the greatest common divisor of 177 and 31683?
177
Calculate the greatest common divisor of 28847 and 65.
13
What is the highest common factor of 157979 and 37016?
661
What is the greatest common divisor of 50869 and 86?
43
Calculate the greatest common factor of 16147 and 13255.
241
Calculate the greatest common divisor of 29568 and 1029.
21
Calculate the greatest common divisor of 10795 and 2921.
127
Calculate the greatest common divisor of 112 and 1405880.
56
What is the highest common divisor of 426 and 144?
6
Calculate the highest common factor of 3525 and 925.
25
What is the highest common divisor of 61 and 9281?
1
Calculate the greatest common divisor of 45 and 885.
15
What is the highest common divisor of 394730 and 140?
70
What is the highest common divisor of 33 and 125169?
33
Calculate the greatest common divisor of 32431 and 21357.
791
Calculate the greatest common factor of 50 and 154390.
10
What is the greatest common divisor of 37837 and 314?
157
Calculate the highest common divisor of 4278 and 78.
6
What is the highest common factor of 468 and 104052?
156
Calculate the highest common divisor of 2305 and 1132677.
461
Calculate the greatest common divisor of 307215 and 15.
15
Calculate the highest common factor of 1421 and 2891.
49
Calculate the greatest common divisor of 20889 and 36.
9
Calculate the highest common divisor of 5947 and 152.
19
What is the highest common factor of 836 and 437?
19
Calculate the highest common factor of 4464 and 45.
9
Calculate the greatest common factor of 40986 and 184.
46
What is the greatest common factor of 806 and 50220?
62
What is the greatest common factor of 78 and 389259?
39
Calculate the highest common divisor of 627 and 3993.
33
What is the greatest common factor of 1036 and 12580?
148
Calculate the greatest common divisor of 13849 and 286.
11
What is the greatest common factor of 260659 and 4186?
161
What is the greatest common factor of 1000 and 3545?
5
Calculate the highest common factor of 530 and 4687320.
530
What is the highest common divisor of 4617 and 2736?
171
Calculate the greatest common divisor of 912 and 4816.
16
What is the highest common divisor of 6303 and 66?
33
What is the greatest common divisor of 59 and 151925?
59
Calculate the greatest common factor of 144 and 47040.
48
Calculate the highest common factor of 85 and 67720.
5
What is the greatest common divisor of 75 and 39725?
25
What is the greatest common factor of 7480 and 923032?
1496
Calculate the highest common factor of 119 and 36601.
17
What is the greatest common factor of 1360 and 424400?
80
Calculate the highest common divisor of 4246 and 407.
11
What is the greatest common factor of 5 and 412280?
5
Calculate the highest common divisor of 30 and 43830.
30
What is the greatest common factor of 73587 and 285?
57
Calculate